 Let x(s) = s**2 + 4*s - 13. Let f be x(-6). Let k be f/(-1)*-6 - -2. Is n(k) composite?
False
Let d = 29 - 29. Suppose d = i + 9*i - 2230. Is i composite?
False
Let m(r) = 29*r**2 - 7*r - 60*r**2 + 9 + 32*r**2. Let a = 12 - -1. Is m(a) composite?
True
Let l = 3268 - 738. Let f = 3669 - l. Is f a prime number?
False
Suppose -v + 3*v = 4. Suppose -978 = -8*q + v*q. Is q prime?
True
Suppose -q + 2*h = -4855, -2*h = -q + 3*h + 4846. Is q composite?
False
Suppose -2*d - 4*z + 48 - 6 = 0, 0 = z. Suppose -133 = -2*w + d. Is w prime?
False
Let x(b) = 1360*b. Let a be x(2). Is (-8)/16*(-2 - a) a prime number?
True
Is -6 + 181*(-8 - -36) a prime number?
False
Suppose -3*n - 38 + 188 = 0. Suppose -3*p = 2*p - n. Is p a composite number?
True
Suppose -5*c + 1996 = -c. Is c prime?
True
Let j(i) = -416*i + 83. Is j(-6) composite?
False
Suppose -3*r = 2 - 5. Let u(a) = 383*a - 2. Is u(r) prime?
False
Suppose -345 = -m + 4*c, c = -0*m + m - 339. Let k = 220 - -262. Let p = k - m. Is p a prime number?
False
Let u be (-2)/(((-16)/68)/2). Suppose u*a - 24 = 13*a. Is a/(-9) - 142/(-6) prime?
True
Suppose -13*c + 8*c + 194095 = 0. Is c composite?
True
Let x(y) be the second derivative of y**5/20 + 2*y**3 + 2*y**2 - 5*y. Is x(13) a composite number?
False
Suppose 3*a - 20 = -a + 4*t, -6 = -2*a - 2*t. Suppose -w + 587 = 4*k - 1268, -a*w + 2*k = -7384. Is w prime?
True
Let x = 6257 - 46. Is x composite?
False
Let o = 754 - 38. Suppose o + 2690 = 2*b. Is b a composite number?
True
Let j = 48581 - 27730. Is j a composite number?
True
Suppose -3*f = -7*w + 5*w - 5, -4*w - 6 = -2*f. Let o = f - -8. Let d = 14 + o. Is d composite?
False
Let q be 5 + -1 - (2 - 2). Suppose o + 3*d + 526 = 3*o, q*o = 2*d + 1068. Is o a prime number?
True
Let p(w) = w - 5. Let z be p(8). Suppose 0 = -2*o + z*o + 3*v - 78, -3*o - 5*v + 254 = 0. Is o a composite number?
True
Let b(v) = v**2 + v + 3. Let q be b(0). Suppose 17*s - 22*s + 1625 = 0. Suppose -q*c = -5*p + 1591, -2*c + 6*c = p - s. Is p a composite number?
False
Let a = -24 - -30. Is (-5836)/(-12) + 4/a a composite number?
False
Let h(p) = 10*p + 6. Let b be h(-4). Suppose 58 = 2*x + 60. Is -1*(3 - b)*x a prime number?
True
Let v be 20 + -2 + 2 + 0. Let b = -15 + v. Is 2/b - 953/(-5) a composite number?
False
Suppose -1 = c - 5. Suppose 0*g + 1368 = c*g. Is g - 4/(-2) - 3 prime?
False
Let j(v) = -7*v**2 + 36*v**2 + 3*v - 1 - v. Let x be j(-3). Suppose -2*z + 4*z - x = 0. Is z a prime number?
True
Let i be (5/(-10))/((-4)/1088). Let w = 75 + i. Is w prime?
True
Suppose -99*r = -147*r + 2540112. Is r prime?
True
Suppose 0 = -2*r + 4*r - 42. Suppose 0 = 3*p + 6 - r. Suppose 0 = -2*l - 4*v + 52, p*v + 12 = -l + 44. Is l prime?
False
Suppose -3*x - 9*z = -5*z - 59, 3*x + z - 62 = 0. Let p(i) = 2*i**2 - 2*i + 4. Let j be p(8). Is (j/6)/(2/x) a composite number?
True
Suppose -11 = -3*h + 1. Suppose -v - h*j + 1503 = 2*v, -3*j + 1997 = 4*v. Suppose 2*c = 4*l + 2218, -5*l = 4*c + v - 4985. Is c prime?
True
Suppose 0 = -6*x - 573 + 8487. Is x a composite number?
False
Suppose -158646 = -4*z - 2*c, 4*c + 11191 = z - 28448. Is z composite?
False
Suppose 364 = b - 0*b. Let m be (-92)/(-14) - (-15)/(-35)*-1. Suppose m*r + b = 11*r. Is r a composite number?
True
Let v = -4724 + 8278. Is v composite?
True
Let o = 226 - 438. Let r = o - -505. Is r a prime number?
True
Let x = 6952 - 4925. Is x a prime number?
True
Let h(p) = -1735*p + 32. Let a(n) = 347*n - 6. Let m(z) = 11*a(z) + 2*h(z). Is m(7) a prime number?
False
Suppose -29*t + 3012 = -32*t. Let i = -615 - t. Is i a composite number?
False
Let i = -510 - -98. Let d = -83 - i. Is d prime?
False
Let k be ((-2 - -4) + -1)*0. Suppose k = -10*c + 13*c - 879. Is c a prime number?
True
Let i = 28741 + -15374. Is i a prime number?
True
Suppose 4*q = 3*x - 0*q - 4, 2*x + 2*q = -2. Let l = x - -4. Suppose -g - 4*t - 8 + 83 = 0, -l = 4*t. Is g a prime number?
True
Let p = -5864 + 20647. Is p prime?
True
Suppose -3 + 2 = -g. Is (g + 2)*322/6 prime?
False
Let z(u) be the second derivative of -17*u**5/20 - u**4/12 + u**3/3 + 3*u**2/2 + 19*u. Is z(-3) prime?
False
Let g(k) = -2*k**3 - 49*k**2 + 23*k - 13. Is g(-26) a prime number?
False
Suppose 0 = b - 760 - 34. Let a = -453 + b. Is a composite?
True
Let m = -72 - -78. Suppose -m*p = -8*p + 538. Is p composite?
False
Let d(a) = 4*a**3 + a**2 + a + 19742. Is d(0) composite?
True
Is (-2)/(-4)*4*(-27658)/(-4) prime?
True
Let o = 2816 - 1725. Is o composite?
False
Suppose 6*r - 16315 - 5639 = 0. Is r a composite number?
False
Let u be ((-1)/2)/(2/(-24)). Let x = u - -84. Is (3 - (2 + x))*-1 prime?
True
Let z be 2/(-15)*-3*10. Suppose g = 5*p + 854, 0 = p + 2*p + z*g + 517. Let l = 40 - p. Is l composite?
False
Let u be -1 + 8 + -2 + 0. Suppose q - 5*h + u = 5*q, 5*h - 5 = 5*q. Suppose -3*t + 5*z = -377, 4*z - 222 = -q*t - 2*t. Is t a composite number?
True
Let s(d) = -d**3 - 8*d**2 + 7*d + 6. Let h be s(-9). Let i be h/5*(-50)/4. Let v = 55 - i. Is v prime?
False
Suppose -4*u + 39838 = 8*a - 6*a, 3*a - 4*u - 59757 = 0. Is a composite?
False
Suppose 508*n + 391157 = 521*n. Is n composite?
False
Let p(c) = -1566*c + 79. Is p(-3) a prime number?
False
Suppose 5*k - 69 = -4*n, 0*n - k + 49 = 3*n. Let o(c) = 62*c + 1. Is o(n) prime?
False
Let b = 1 + 2. Suppose b*v = 2*w + 20, -w - 12 = v + 3*w. Is 12/(-16) + 223/v a prime number?
False
Let u = 12923 + -4934. Is u a prime number?
False
Let c(h) = -53*h**3 + 5*h**2 + 4*h + 9. Is c(-5) prime?
False
Suppose -77*h + 271025 = -52*h. Is h prime?
False
Let p = 18820 + -6677. Is p prime?
True
Let c = 0 - 0. Suppose -3*h - 68 + 821 = c. Is h a composite number?
False
Let j(s) = -s**3 - 11*s**2 + 3*s + 6. Let g be j(-6). Is (-14)/(g/(-97) - 2) prime?
False
Suppose 4*a + l = 3*l + 4762, 3*a + 5*l = 3591. Suppose -484 - a = -4*y. Is y composite?
False
Let y(s) = 404*s + 7. Let g(k) be the second derivative of 269*k**3/2 + 7*k**2 - 2*k. Let x(b) = 4*g(b) - 9*y(b). Is x(-3) a composite number?
False
Let c be 4/(-6)*(-38580)/8. Suppose 4*m - 3180 = -3*x + 1124, -3*m + x + c = 0. Is m composite?
True
Suppose -3*b - 19697 = -w + 19682, 39363 = w + b. Is w composite?
False
Let h be (108/(-42))/((-2)/84). Suppose -5*y = w + h, 4*y = -1 - 7. Let l = w - -225. Is l a composite number?
False
Let c(y) = y**3 - 8*y**2 + 8*y - 5. Let g be c(7). Let d be ((-2)/g)/(1/(-3)). Suppose 3*l - d*a - 118 = 155, -l + 97 = -4*a. Is l a prime number?
True
Suppose 0 = 2*p - 10 + 28. Let u be 545 + 7/(21/p). Let t = u - 145. Is t prime?
True
Let i be (0 - 3)*(-4)/6. Suppose -4*n - i*p + 34 = 0, -5*n + 4*p + 79 = 17. Is (-3)/5 + 2036/n prime?
False
Suppose 50 = -7*q + 365. Suppose a + a + 2281 = 5*f, 0 = 5*f + a - 2272. Suppose 2*t = f - q. Is t a prime number?
False
Suppose -12 = -7*h + 2. Suppose 5*b - h*k = -4704, -2*b - 4713 = 3*b + k. Let r = -275 - b. Is r a prime number?
False
Let h = -49 + 51. Suppose -t + 1367 = h*r, -4*r - 6820 = -5*t - 9*r. Is t a prime number?
True
Let b(z) = -2*z**2 + 7*z - 5. Let j(r) = r**2. Let t = -10 + 9. Let s(i) = t*b(i) + 2*j(i). Is s(-6) composite?
False
Suppose 0 = -7*r - 7 - 7. Is 1*92/(-8)*r a composite number?
False
Let c = 922 - 128. Let k = c + -475. Is k a prime number?
False
Let s be (-2 - -1)/(3*1/(-3801)). Suppose 1247 + s = 6*v. Is v a prime number?
True
Suppose 3*k = -k - 3*d + 5, -k - d + 2 = 0. Let z(y) = 898*y**2 + y + 2. Is z(k) composite?
True
Suppose 3*v - 19689 = 4*j, -v = -6*v - 4*j + 32815. Is v a prime number?
True
Let l(j) = 26*j**2 + 66*j - 37. Is l(35) a composite number?
False
Let w(z) = 5*z**3 + 2*z**2 - 112*z + 16. Is w(23) composite?
False
Let m(v) = 67*v + 11. Let d(f) = 22*f + 4. Let c(b) = -8*d(b) + 3*m(b). Let w be c(3). Let g = 245 - w. Is g composite?
True
Let p = 10 - 6. Let i be 1/(2 - 6/p). Suppose -3*r - i*r = -1345. Is r prime?
True
Suppose 4*o + 0*w = 4*w + 13412, -3*o + 2*w = -10063. Suppose i = -2*i + o. Suppose 4*z = z + i. Is z composite?
False
Let r(g) = -80*g**2 - 4. Let b be r(-2). Let s = b - -575. Is s a prime number?
True
Let o = 895 + -802. Is o composite?
True
Let k = 114 + -57. Suppose -2*n - 2*r + 104 = 0, 2*n = 3*n - 4*r - k. Is n composite?
False
Let w be ((-1)/2)/(6/(-24)). Suppose w*l - 3*t = 27, 6*l + t - 25 = l. Let n(q) = 21*q**2 - 10*q - 5. Is n(l) pr